 to base 5
-1
What is -4 (base 12) in base 4?
-10
Convert 1 (base 14) to base 8.
1
What is 6 (base 12) in base 16?
6
4 (base 10) to base 2
100
Convert 1103 (base 4) to base 14.
5d
10011 (base 3) to base 4
1111
Convert 0 (base 7) to base 14.
0
3 (base 6) to base 2
11
220 (base 3) to base 4
120
Convert 25 (base 12) to base 13.
23
Convert 10 (base 3) to base 14.
3
Convert 402 (base 5) to base 7.
204
Convert -221 (base 3) to base 15.
-1a
What is -3 (base 12) in base 8?
-3
What is -22 (base 5) in base 16?
-c
Convert -11 (base 5) to base 8.
-6
Convert 193 (base 10) to base 6.
521
-7 (base 14) to base 15
-7
What is 79 (base 15) in base 4?
1302
Convert -11 (base 13) to base 8.
-16
a1 (base 11) to base 6
303
What is -222 (base 8) in base 16?
-92
Convert -25 (base 11) to base 15.
-1c
-12 (base 9) to base 16
-b
3 (base 8) to base 9
3
6 (base 12) to base 13
6
33 (base 11) to base 14
28
-7 (base 15) to base 3
-21
-241 (base 5) to base 15
-4b
What is -11 (base 6) in base 2?
-111
Convert -7 (base 13) to base 12.
-7
What is -1101 (base 3) in base 6?
-101
54 (base 12) to base 8
100
4 (base 8) to base 3
11
What is 12 (base 3) in base 2?
101
36 (base 12) to base 14
30
-10 (base 2) to base 7
-2
Convert 54 (base 7) to base 15.
29
What is -88 (base 16) in base 5?
-1021
0 (base 4) to base 12
0
Convert -1e (base 15) to base 11.
-27
What is -25 (base 16) in base 6?
-101
Convert 6 (base 15) to base 2.
110
Convert -5 (base 11) to base 15.
-5
-1222 (base 5) to base 6
-511
What is 79 (base 11) in base 7?
152
-10000101 (base 2) to base 11
-111
Convert 3 (base 4) to base 6.
3
What is -20 (base 3) in base 6?
-10
8 (base 15) to base 8
10
-1 (base 16) to base 12
-1
252 (base 6) to base 13
80
Convert -18 (base 9) to base 12.
-15
3 (base 8) to base 7
3
Convert 3 (base 7) to base 12.
3
Convert 2 (base 6) to base 13.
2
Convert -6 (base 12) to base 11.
-6
Convert 8 (base 15) to base 13.
8
What is 4 (base 8) in base 4?
10
What is -1100100 (base 2) in base 5?
-400
What is -130 (base 13) in base 5?
-1313
What is 32 (base 5) in base 6?
25
What is 11 (base 2) in base 11?
3
16 (base 10) to base 5
31
Convert a7 (base 16) to base 6.
435
Convert 141 (base 13) to base 10.
222
1a (base 11) to base 3
210
-6 (base 14) to base 9
-6
What is 44 (base 8) in base 3?
1100
What is -20 (base 7) in base 6?
-22
-120 (base 4) to base 5
-44
Convert 2 (base 15) to base 5.
2
What is -412 (base 6) in base 5?
-1102
-224 (base 5) to base 9
-71
Convert 1323 (base 4) to base 8.
173
What is -2 (base 8) in base 13?
-2
What is -14 (base 14) in base 15?
-13
Convert 6 (base 9) to base 3.
20
What is 10 (base 11) in base 4?
23
253 (base 9) to base 11
181
Convert 310 (base 4) to base 12.
44
What is -53 (base 10) in base 13?
-41
Convert 3 (base 5) to base 4.
3
What is -1 (base 13) in base 7?
-1
Convert 4c (base 14) to base 12.
58
What is -7 (base 16) in base 6?
-11
Convert -138 (base 10) to base 15.
-93
Convert 2 (base 14) to base 3.
2
What is 12 (base 5) in base 16?
7
Convert 10 (base 11) to base 2.
1011
1d (base 14) to base 3
1000
What is -15 (base 8) in base 6?
-21
-110100 (base 2) to base 7
-103
What is -134 (base 9) in base 16?
-70
8 (base 16) to base 2
1000
What is -5c (base 16) in base 4?
-1130
46 (base 13) to base 7
112
What is -242 (base 6) in base 15?
-68
Convert -14 (base 7) to base 10.
-11
Convert 0 (base 10) to base 11.
0
2 (base 13) to base 16
2
Convert -12 (base 6) to base 2.
-1000
13 (base 4) to base 8
7
-5 (base 10) to base 7
-5
Convert 100022 (base 3) to base 10.
251
What is 34 (base 12) in base 6?
104
2 (base 16) to base 8
2
-34 (base 5) to base 7
-25
Convert -4d (base 15) to base 4.
-1021
34 (base 9) to base 16
1f
-2131 (base 5) to base 11
-245
4a (base 12) to base 4
322
Convert -5 (base 14) to base 15.
-5
-5 (base 13) to base 16
-5
Convert 171 (base 10) to base 16.
ab
-2 (base 6) to base 4
-2
-15 (base 10) to base 13
-12
What is -1 (base 14) in base 16?
-1
100000 (base 2) to base 16
20
3 (base 6) to base 13
3
Convert 2 (base 5) to base 16.
2
What is 0 (base 5) in base 11?
0
What is -13 (base 6) in base 16?
-9
-2 (base 14) to base 5
-2
Convert 1 (base 6) to base 5.
1
What is 48 (base 13) in base 9?
66
431 (base 5) to base 7
224
Convert -11 (base 8) to base 9.
-10
What is 201 (base 3) in base 15?
14
What is 4 (base 6) in base 16?
4
50 (base 8) to base 13
31
12 (base 4) to base 13
6
Convert -9 (base 14) to base 5.
-14
Convert 2 (base 9) to base 13.
2
Convert -1124 (base 6) to base 7.
-532
What is 112 (base 7) in base 3?
2011
-52 (base 15) to base 4
-1031
Convert 5 (base 10) to base 3.
12
Convert -4 (base 13) to base 7.
-4
-34 (base 12) to base 13
-31
What is -2 (base 11) in base 16?
-2
300 (base 5) to base 8
113
Convert 321 (base 4) to base 11.
52
54 (base 11) to base 6
135
What is 4 (base 10) in base 9?
4
Convert -332 (base 4) to base 5.
-222
What is -12020 (base 3) in base 11?
-119
Convert 11100 (base 2) to base 5.
103
What is -2c (base 14) in base 7?
-55
-60 (base 10) to base 8
-74
Convert -15 (base 6) to base 8.
-13
Convert 36 (base 12) to base 5.
132
-86 (base 11) to base 13
-73
Convert -8 (base 11) to base 4.
-20
3 (base 5) to base 14
3
Convert -2 (base 16) to base 15.
-2
-158 (base 13) to base 7
-464
Convert -3 (base 5) to base 4.
-3
-48 (base 14) to base 8
-100
What is 0 (base 7) in base 13?
0
Convert 0 (base 15) to base 12.
0
What is -10010100 (base 2) in base 6?
-404
What is -1f (base 16) in base 2?
-11111
Convert 224 (base 8) to base 3.
12111
Convert 3b (base 15) to base 12.
48
Convert 3 (base 5) to base 2.
11
Convert -73 (base 15) to base 8.
-154
4 (base 7) to base 14
4
Convert 1 (base 13) to base 5.
1
Convert -1c (base 16) to base 8.
-34
What is 4 (base 8) in base 2?
100
What is -3 (base 4) in base 11?
-3
Convert 264 (base 7) to base 4.
2100
-1020 (base 3) to base 7
-45
What is -1 (base 7) in base 16?
-1
What is 31 (base 5) in base 4?
100
Convert -502 (base 7) to base 6.
-1051
8 (base 15) to base 10
8
-61 (base 7) to base 15
-2d
Convert 4d (base 16) to base 15.
52
What is -11 (base 5) in base 4?
-12
Convert -3 (base 11) to base 3.
-10
Convert -210 (base 4) to base 12.
-30
-17 (base 11) to base 5
-33
Convert -10 (base 5) to base 3.
-12
What is -4 (base 10) in base 16?
-4
What is 16 (base 15) in base 6?
33
Convert 159 (base 13) to base 10.
243
Convert -20 (base 3) to base 14.
-6
Convert 1033 (base 4) to base 7.
142
What is -7 (base 11) in base 14?
-7
-1 (base 2) to base 14
-1
49 (base 16) to base 7
133
What is -5 (base 6) in base 14?
-5
Convert -103 (base 4) to base 9.
-21
0 (base 9) to base 12
0
3d (base 16) to base 14
45
What is -27 (base 8) in base 13?
-1a
9 (base 16) to base 14
9
What is -3 (base 5) in base 16?
-3
-d1 (base 15) to base 7
-400
What is -1 (base 4) in base 12?
-1
What is -7 (base 8) in base 6?
-11
Convert -107 (base 8) to base 15.
-4b
1 (base 8) to base 5
1
-c1 (base 13) to base 9
-184
Convert -a (base 11) to base 13.
-a
Convert 10 (base 2) to base 15.
2
Convert -2 (base 14) to base 8.
-2
Convert -50 (base 7) to base 11.
-32
What is 3 (base 11) in base 15?
3
40 (base 14) to base 3
2002
Convert 22 (base 9) to base 12.
18
4 (base 12) to base 6
4
-24 (base 13) to base 6
-50
-6 (base 14) to base 2
-110
What is 50 (base 8) in base 6?
104
Convert 15 (base 13) to base 14.
14
Convert 2 (base 7) to base 3.
2
What is -a (base 15) in base 8?
-12
Convert 255 (base 8) to base 12.
125
What is -460 (base 9) in base 3?
-112000
What is 2 (base 5) in base 9?
2
What is -8 (base 10) in base 7?
-11
What is -5 (base 9) in base 3?
-12
Convert -2 (base 5) to base 2.
-10
Convert -255 (base 6) to base 7.
-212
What is 0 (base 8) in base 11?
0
What is 2 (base 14) in base 8?
2
What is 11 (base 2) in base 6?
3
What is -30 (base 4) in base 9?
-13
What is -83 (base 13) in base 11?
-98
What is 27 (base 9) in base 13?
1c
104 (base 9) to base 14
61
Convert 150 (base 9) to base 5.
1001
13 (base 4) to base 10
7
What is 6 (base 14) in base 11?
6
-20 (base 5) to base 8
-12
3 (base 10) to base 14
3
What is -4 (base 6) in base 12?
-4
Convert 3 (base 13) to base 3.
10
Convert 195 (base 10) to base 3.
21020
What is -138 (base 13) in base 2?
-11011000
Convert 5 (base 8) to base 14.
5
What is -1 (base 7) in base 6?
-1
Convert 7b (base 16) to base 7.
234
11100001 (base 2) to base 9
270
What is b (base 12) in base 9?